t b(k) = 151*k + 150. Calculate b(-1).
-1
Let y(k) = 39*k - 656. Give y(18).
46
Let d(v) = 120*v - 977. Calculate d(8).
-17
Let m(u) = -u**2 + 66*u + 1924. Determine m(88).
-12
Let o(z) = -9352*z + 46754. What is o(5)?
-6
Let o(t) = -388*t - 4469. Give o(-12).
187
Let b(d) = -7785*d + 474886. Determine b(61).
1
Let t(p) = p**2 + 58*p + 841. Determine t(-24).
25
Let u(h) = -h**2 + 47*h - 342. Give u(42).
-132
Let w(n) = n**3 + 6*n**2 + 33*n + 27. Give w(-7).
-253
Let s(q) = 23*q + 818. Determine s(-29).
151
Let t(p) = p**3 + 6*p + 32. Give t(-3).
-13
Let v(f) = -117*f - 1773. Give v(-15).
-18
Let t(z) = z**2 + 418*z + 43492. Determine t(-195).
7
Let k(b) = -b**2 + 4*b + 104. Determine k(-7).
27
Let n(m) = -5*m**2 - 4*m + 275. Give n(-8).
-13
Let o(n) = -5*n**3 - 6*n**2 - 9*n - 34. What is o(-5)?
486
Let a(d) = d**3 + 15*d**2 + 45*d + 15. Determine a(-11).
4
Let q(l) = 61*l + 7. What is q(0)?
7
Let b(r) = -r**2 + 613*r + 4264. Determine b(-7).
-76
Let z(g) = 113*g + 8492. What is z(-75)?
17
Let j(y) = 4*y**2 + 65*y - 503. Give j(6).
31
Let f(d) = d**2 - 46*d + 183. Give f(43).
54
Let b(h) = 2*h**2 - 45*h + 174. Determine b(34).
956
Let g(y) = -y**3 + 31*y**2 - 110*y - 153. Calculate g(27).
-207
Let n(v) = 50*v - 3770. Give n(76).
30
Let s(q) = -q**3 - 6*q**2 + 3*q + 20. Give s(-2).
-2
Let j(r) = 13*r**2 - 1882*r - 452. Calculate j(145).
-17
Let o(h) = -4*h**3 + 37*h**2 - 40*h - 1. Calculate o(9).
-280
Let l(h) = -48*h**2 - 12*h - 7. Calculate l(0).
-7
Let v(r) = 33*r**2 + 5*r - 97. What is v(0)?
-97
Let l(m) = -13*m**2 + 77*m + 537. Give l(-6).
-393
Let n(v) = 2*v**3 + 11*v**2 - 9*v - 25. Calculate n(-6).
-7
Let i(h) = 43*h + 601. Give i(-16).
-87
Let u(p) = -7871*p - 78720. What is u(-10)?
-10
Let n(p) = 38*p**2 - 163*p - 128. Calculate n(5).
7
Let p(y) = -1784*y - 14171. Determine p(-8).
101
Let v(t) = -7*t**3 - 13*t**2 + 4*t + 7. Determine v(-2).
3
Let r(n) = -171*n - 4865. What is r(-26)?
-419
Let n(q) = 7*q**2 - 110*q + 520. Determine n(5).
145
Let s(l) = -79*l - 6101. Give s(-77).
-18
Let t(w) = w**3 - 7*w**2 + 66*w - 233. What is t(4)?
-17
Let u(t) = 4*t**3 + 12*t**2 + 4*t + 7. Give u(-3).
-5
Let z(u) = 2*u**3 - 132*u**2 - 335*u + 4271. Calculate z(68).
-13
Let r(g) = -g**3 - 4*g**2 - 29*g - 66. What is r(-3)?
12
Let m(f) = 41*f + 783. Give m(-19).
4
Let m(f) = f**3 + 22*f**2 + 45*f + 298. Calculate m(-20).
198
Let d(o) = o**3 - 23*o**2 + 104*o - 110. Determine d(4).
2
Let a(k) = -35*k**2 + 11*k - 6. What is a(2)?
-124
Let y(r) = r**3 - 13*r**2 + 26*r - 41. What is y(13)?
297
Let y(x) = -3*x**2 - 443*x + 1353. Give y(3).
-3
Let k(q) = -3*q**2 + 40*q - 54. Give k(12).
-6
Let k(l) = -l**3 - 7*l**2 - l + 7. Calculate k(-2).
-11
Let s(l) = 83*l**2 - 581*l + 7. Give s(7).
7
Let t(o) = -311*o - 13374. Calculate t(-43).
-1
Let g(j) = j**3 - 7*j**2 + 12*j + 73. Calculate g(7).
157
Let t(k) = -k**2 - 20*k + 1932. Calculate t(-55).
7
Let a(h) = 4*h**2 + 29*h + 43. What is a(-4)?
-9
Let q(a) = 372*a**2 + 2242*a - 12. Calculate q(-6).
-72
Let j(s) = 9*s + 380. Calculate j(-35).
65
Let c(v) = v**3 + 42*v**2 + 204*v + 3448. Give c(-39).
55
Let b(s) = s**2 + 39*s + 313. Determine b(-12).
-11
Let b(x) = -152*x - 911. Determine b(-6).
1
Let d(q) = -q**2 + 7*q + 140. Give d(-13).
-120
Let y(n) = -n**2 + 209*n + 3584. Determine y(-16).
-16
Let k(o) = o**3 - 6*o**2 - 3*o + 49. What is k(0)?
49
Let k(h) = -h**2 - 15*h + 151. Calculate k(-12).
187
Let v(h) = 5*h + 136. Calculate v(-22).
26
Let r(z) = -z**3 - 116*z**2 - 448*z + 1. Determine r(-112).
1
Let b(r) = 54*r - 2000. What is b(37)?
-2
Let l(b) = -142*b - 3596. Give l(-25).
-46
Let z(l) = l**2 - 113*l + 6. Give z(0).
6
Let f(a) = -142*a**2 + 2*a. What is f(-1)?
-144
Let k(z) = 51*z - 134. What is k(4)?
70
Let t(m) = 4*m**3 - 26. What is t(-3)?
-134
Let u(k) = -40*k - 10. Calculate u(-6).
230
Let j(c) = -c**2 + 8*c + 1143. Determine j(-30).
3
Let m(i) = i**3 - 4*i**2 - 8*i + 3. What is m(2)?
-21
Let p(j) = -864*j + 5208. What is p(6)?
24
Let r(t) = 193*t + 1148. Give r(-6).
-10
Let c(r) = -77*r - 113. Calculate c(-2).
41
Let f(m) = -m**2 + 1347*m - 6709. Give f(5).
1
Let m(d) = 13*d + 136. Give m(-14).
-46
Let x(h) = 10*h**3 - 3*h**2 - 2. Determine x(3).
241
Let q(z) = z**2 + 3087*z + 39958. What is q(-13)?
-4
Let h(l) = -3*l**3 - 307*l**2 + 840*l - 11. Give h(-105).
-11
Let b(l) = -12*l**2 - 1033*l - 166. Determine b(-86).
-80
Let b(a) = a**3 - 26*a**2 - 52*a - 119. Give b(28).
-7
Let b(q) = 74*q + 445. Give b(-6).
1
Let i(b) = -585*b**3 - b**2 + 3*b + 2. Determine i(-1).
583
Let s(n) = 5*n**2 - 2752*n + 5508. Give s(2).
24
Let d(g) = -330*g + 32004. Calculate d(97).
-6
Let g(a) = -4*a**3 - 35*a**2 - 56*a - 39. Determine g(-7).
10
Let w(h) = -196*h - 594. Give w(-3).
-6
Let c(r) = -r**3 - 11*r**2 + 61*r - 5. Calculate c(4).
-1
Let y(p) = 21*p**2 - 374*p + 267. What is y(17)?
-22
Let c(p) = 19*p + 66. Calculate c(-10).
-124
Let k(q) = q**2 - 18*q - 50. What is k(21)?
13
Let r(g) = 571*g + 4576. Determine r(-8).
8
Let s(w) = w**3 - 24*w**2 - 3*w + 37. Calculate s(24).
-35
Let p(n) = -5*n**2 + 7*n + 15. Give p(-5).
-145
Let n(l) = -281*l**3 + 2*l**2 + 12*l + 10. What is n(-1)?
281
Let i(q) = -q**2 - 66*q - 999. Determine i(-43).
-10
Let u(q) = -q**2 + 96*q - 1171. Give u(35).
964
Let w(f) = -3*f**2 - 978*f - 13093. What is w(-14)?
11
Let q(f) = 32*f**3 + f**2 + 14*f - 24. Give q(2).
264
Let z(b) = -11*b**2 - 112*b - 5. Give z(-10).
15
Let h(a) = -a**3 - 60*a**2 - 55*a + 348. Give h(-59).
112
Let p(g) = -g**3 - 9*g**2 + 619*g + 5553. Determine p(-9).
-18
Let r(f) = -69*f + 194. Determine r(-7).
677
Let u(b) = 28*b - 1255. Determine u(45).
5
Let b(o) = o**3 + 71*o**2 - 294*o + 242. Give b(-75).
-208
Let l(h) = h**2 - 197*h + 3060. Give l(180).
0
Let d(g) = 20*g + 708. Calculate d(-19).
328
Let j(u) = 433*u**3 - 2*u**2 - 5*u + 5. Calculate j(1).
431
Let v(d) = -18*d + 114. Determine v(0).
114
Let l(k) = -k**3 - 16*k**2 + 17*k. Calculate l(-18).
342
Let z(b) = -27*b**2 + 245*b - 9. Determine z(9).
9
Let k(u) = -u**2 + 5*u - 1. Determine k(6).
-7
Let t(o) = 2*o**3 - 43*o**2 - 34*o + 141. What is t(22)?
-123
Let o(y) = -10*y**2 - 36*y - 34. Give o(-3).
-16
Let k(z) = -87*z**2 + 2959*z - 39. Calculate k(34).
-5
Let r(v) = 21*v - 370. Give r(14).
-76
Let p(g) = -2*g**3 + 19*g**2 + 98*g - 947. Calculate p(9).
16
Let l(s) = 3*s**2 + 189*s - 2196. Determine l(-73).
-6
Let l(s) = -12*s**3 - 265*s**2 - 21*s - 43. Give l(-22).
-65
Let o(q) = 2*q**2 + 320*q - 308. Give o(-161).
14
Let h(z) = -27*z**2 - 80*z + 6. Determine h(-3).
3
Let q(m) = -m + 33. Give q(-2).
35
Let y(n) = 2*n**3 - 11*n**2 + 7*n - 24. Determine y(7).
172
Let p(m) = 108*m + 216. Calculate p(-2).
0
Let u(y) = -782*y - 2365. What is u(-3)?
-19
Let l(u) = -4*u**2 - 237*u + 1778. Give l(-66).
-4
Let j(d) = -26*d**2 + 285*d + 11. What is j(11)?
0
Let m(a) = 3*a**3 - 190*a**2 - 125*a - 218. Determine m(64).
-26
Let g(u) = u**2 + 147*u + 5289. Calculate g(-63).
-3
Let s(i) = -3*i**3 + 240*i**2 - 245*i + 617. Determine s(79).
-15
Let a(w) = 99*w + 17. Give a(-3).
-280
Let l(a) = -4*a**2 + 88*a + 103. Calculate l(23).
11
Let a(q) = -59*q + 178. Calculate a(5).
-117
Let w(a) = -2*a**3 - 8*a**2 + 56*a - 42. Determine w(-8).
22
Let b(t) = t**3 + 98*t**2 - 741*t - 427. What is b(-105)?
203
Let r(i) = 40*i + 371. Calculate r(-9).
11
Let r(i) = -16*i**2 - 9*i + 26. Determine r(4).
-266
Let v(j) = 304*j + 2483. Calculate v(-8).
51
Let m(w) = -2*w**3 + 52*w**2 + 46*w + 34. What is m(27)?
-182
Let q(s) = 8*s**2 + 66*s - 19. What is q(-8)?
-35
Let m(q) = -2*q**3 - 8*q**2 + 2*q + 7. What is m(-6)?
139
Let x(p) = -p + 68. Determine x(25).
43
Let h(x) = -x**2 - 261*x + 1600. What is h(6)?
-2
Let d(o) = -264*o - 5258. Calculate d(-20).
22
Let u(r) = -r**3 - 13*r**2 + 32*r - 18. Give u(-15).
-48
Let g(f) = f**3 - 35*f**2 - 246*f + 16. Determine g(41).
16
Let v(g) = -36*g - 65. What is v(-4)?
79
Let l(a) = 2022*a - 4044. What is l(2)?
0
Let r(w) = 2*w**3 + w**2 + 7*w - 35. Determine r(3).
49
Let c(t) = 13038*t + 13039. Calculate c(-1).
1
Let p(q) = 11*q - 53. Give p(11).
68
Let i(t) = 4*t**3 - 2*t**2 - 3*t + 6. Determine i(-2).
-28
Let b(r) = 3*r**2 - 144*r - 2347. Determine b(-13).
32
Let h(w) = 58*w - 1156. Calculate h(20).
4
Let a(y) = y**2 + 17*y + 61. What is a(-9)?
-